619
Suppose -59*t + 479924 = -843840 + 277635. List the prime factors of t.
7, 17, 149
Suppose 116*i - 364744 = -18*i + 44492. List the prime factors of i.
2, 3, 509
Let o(r) = r**2 - 6*r - 23. Let j be o(13). Let l = j + -66. What are the prime factors of (l + 24/(-6))/(3/(-354))?
2, 59
Suppose -69*h = -162518 - 166129. List the prime factors of h.
11, 433
Let q = -85 - -89. Suppose -34 = -3*w + q*f, 34 = 2*w + 5*f - 2*f. List the prime factors of w.
2, 7
Let a = -42 + 53. Let x = a - 4. Suppose -3*g - 624 = -x*g. List the prime factors of g.
2, 3, 13
Let q = 119535 + -60797. What are the prime factors of q?
2, 43, 683
Let s(z) = z - 10. Let a be s(14). Suppose -v - a*j = -39, 3*j - 7 = 8. Suppose -5*q - 128 + v = -3*r, 5*r - 2*q - 207 = 0. What are the prime factors of r?
43
Let k(b) = -10131*b - 730. List the prime factors of k(-7).
13, 5399
Let w be (-56)/3*(76/(-16) + -2). Let b = w - 80. Suppose -b*c + 47*c = 182. What are the prime factors of c?
2, 7, 13
Let f = -146 - -308. Suppose 61*h + f = 64*h. Let u = 347 - h. What are the prime factors of u?
293
Suppose 3*w - 3*z - 9 - 6 = 0, 0 = 5*w + 4*z + 2. Suppose -1877 = -2*t - 3*i, 3*t - w*i - 2835 = -0*i. What are the prime factors of t?
23, 41
Let s(d) = -34*d + 19*d + 46*d**2 + 26*d - 26 + 0*d**2. What are the prime factors of s(4)?
2, 13, 29
Suppose 64*t - 65*t = 12. Let v(y) = y**3 + 13*y**2 + 10*y + 2. Let u be v(t). List the prime factors of u + 5 + 0 + 2 + -3.
2, 3, 5
Let g(l) = 4*l - 2. Let m be g(1). Suppose 2*j - m*c = j - 1, 3*j = 4*c - 7. List the prime factors of (-6)/(-9)*(-375)/j.
2, 5
Suppose -5*z = 21*z + 132250 - 1479830. What are the prime factors of z?
2, 5, 71, 73
Let k be (((-30)/12)/(-5))/((-1)/134). Suppose 0 = 3*s - 4*w - 649, -s + 0*w = 2*w - 213. Let t = k + s. What are the prime factors of t?
2, 37
Suppose 4*d = 4, -2470 + 12043 = 2*m - 3*d. List the prime factors of m.
2, 3, 7, 19
Suppose -69*o + 4*r + 3657 = -68*o, 10971 = 3*o - 3*r. List the prime factors of o.
3, 23, 53
Let k be 6165/548 + 3*1/4. Suppose k = 3*c, -154 = -4*j - c + 2. What are the prime factors of j?
2, 19
Let g = 35224 + -20280. List the prime factors of g.
2, 467
Let f(h) = -13*h + 3. Suppose 59 = -2*p + 4*v - 41, 4*p + v + 173 = 0. Let k = p - -40. List the prime factors of f(k).
5, 11
Let p(r) = 3*r - 14. Let w be p(8). Let l be (-4)/w*(12 - -173). Let s = -21 - l. What are the prime factors of s?
53
Suppose 2*d - 989 + 370 = u, 0 = -3*d + 3*u + 921. Suppose 64 = 2*j - d. What are the prime factors of j?
2, 47
Let d(u) = u**2 - 22*u + 5. Let r be d(25). Suppose k - 30 = g - 0*k, 0 = 3*g - k + r. What are the prime factors of (-2*895/g)/((-6)/(-15))?
179
List the prime factors of ((-1471)/2)/(4 + ((-6)/(-12) - 5)).
1471
Suppose -90*i + 2182709 = -373921. What are the prime factors of i?
3, 17, 557
Suppose 15054 = -21*l - 297. Let v = l - -1328. What are the prime factors of v?
3, 199
What are the prime factors of 19036782/918 - 20/85?
89, 233
Suppose 91237 = 60*s - 10*s - 346813. List the prime factors of s.
8761
Let b = 324 - 322. What are the prime factors of (-8)/b*((-1965)/20 - 12)?
3, 7
Let q = -302 - -325. Suppose q*y - 15*y - 584 = 0. List the prime factors of y.
73
Let b(t) = 5571*t + 16316. List the prime factors of b(5).
44171
Let x be 186/((-3)/3 - -3). Let p = 18 + x. Suppose 2*l + 3*s - p = -0*l, 3*l + 3*s = 168. What are the prime factors of l?
3, 19
Let t be (-3 + 4)*(-1)/1. Let j = t - -4. Suppose 84 + 60 = j*u. List the prime factors of u.
2, 3
Let g(b) be the first derivative of 25*b**3/3 - 11*b**2/2 - 22*b - 220. List the prime factors of g(-7).
2, 5
Let v(z) = -7*z**3 - z**2 - 21*z + 28. Let o(s) = 12*s**3 + 2*s**2 + 41*s - 55. Let h(u) = 3*o(u) + 5*v(u). What are the prime factors of h(7)?
17, 29
Suppose -b = -5*b - 3*m - 23, 5*m + 5 = 0. What are the prime factors of ((-4)/(-12))/(b - (-12632)/2526)?
421
Suppose 0 = z - 2*w - 17459, -4*z + 30*w = 26*w - 69840. List the prime factors of z.
19, 919
Let h(q) be the second derivative of -30*q - 1/2*q**2 + 0 - 71/6*q**3. List the prime factors of h(-3).
2, 53
Let z(s) = 22*s**2 + 93*s - 107. List the prime factors of z(-38).
11, 2557
Suppose -m + 2 = -4. Suppose 4*o = m*o - 588. Let w = -136 + o. List the prime factors of w.
2, 79
What are the prime factors of (342148/115)/(17/5 - 3)?
2, 3719
Let q(r) = 6 + 9*r - 15 + 4 + 7*r. Let w(o) = 17*o - 5. Let i(y) = 4*q(y) - 3*w(y). What are the prime factors of i(4)?
47
Suppose 5*w = 2*k - k - 1208, -4*w - 976 = -4*k. Let o = 352 + w. List the prime factors of o.
3, 37
Let h(c) = 18*c**2 + c - 1. Let o be h(1). List the prime factors of 12525/o - (-14)/84.
2, 3, 29
What are the prime factors of (-2)/(-16) - (6 + (-54620)/32)?
3, 7
Suppose 0 = -2*g + 32 + 52. Suppose g*b = 19*b + 7590. What are the prime factors of b?
2, 3, 5, 11
Suppose y + 4*h - 200 = 0, -8*h + 12*h + 424 = 2*y. Let j = y + 391. List the prime factors of j.
599
Let d(j) = 7 - j + 3*j + 2*j - 1. Let q be d(0). List the prime factors of q/39 + (-15792)/(-104).
2, 19
Let r = -1133 + 1138. Suppose -21 + 1 = -4*b. Suppose 182 = 3*t + r*v - 572, 1230 = 5*t - b*v. List the prime factors of t.
2, 31
Let v(m) = -m + 7. Let i be v(9). What are the prime factors of 6252/8 + i/4?
11, 71
What are the prime factors of 8/(-32) + 230451/12?
2, 4801
Let d be 8 - (35 - -5)/5. What are the prime factors of 1328 + (d - (-8 - -6))?
2, 5, 7, 19
Suppose 5*q - 4*u = -u - 9, 2*q = 3*u - 9. Suppose 23*c - 21*c - 24 = q. List the prime factors of 4 + 51 + (c - 4)/(-4).
53
Let l(x) = -46*x. Let f(j) = -3*j + j - 3 - j**2 + 5*j + 11*j. Let u be f(14). List the prime factors of l(u).
2, 3, 23
Suppose 0 = -2*o - o - 4*g, o - g = 0. Suppose -7 = -3*z + 8. Suppose 4*f = -5*a - o*f + 84, -z*f = 5*a - 85. List the prime factors of a.
2
Let u(o) = 13*o. Let z be u(-2). Let c be z/(-6) - (-26)/39. Suppose c*d + 1 = 671. What are the prime factors of d?
2, 67
Suppose 0 = 11*u - 122 - 516. Suppose 0 = p - 29 - 25. Suppose -p*a + u*a - 104 = 0. List the prime factors of a.
2, 13
Suppose -468 = -86*t + 73*t. What are the prime factors of ((-192)/t)/((-2)/384)?
2
Suppose -32*h - 11212 = -37*h + 4*i, -2*h + 4496 = 4*i. Suppose -4*o + h = 288. What are the prime factors of o?
3, 163
Let b = 0 + 2. Let n(l) = l + 5*l + 26*l. What are the prime factors of n(b)?
2
Let k be 6 + 15/(-4) + 8/(-32). Suppose 2*p = -3*p - k*h - 13, -2*h - 4 = -4*p. What are the prime factors of -3 + (-18)/(-9) + (p - -298)?
2, 37
Let m = 315 - 117. Suppose 0 = -2*c - m + 654. List the prime factors of c.
2, 3, 19
Suppose 0 = -13*p + 56*p + 47902. Let j = -531 - p. List the prime factors of j.
11, 53
Let j(k) = 2141*k - 1668. List the prime factors of j(6).
2, 3, 23
Suppose 20*q = 32*q - 2616. List the prime factors of q.
2, 109
Let t be 66/6 - 3*(-2)/(-6). Suppose 6433 = -t*p + 983. Let k = -318 - p. What are the prime factors of k?
227
Suppose -3*d = -5*j - 3 - 252, 5*j + 5*d = -255. Let y = -123 - j. Let i = 108 + y. List the prime factors of i.
2, 3
Let c(b) = 108*b + 1. Let w be c(2). Suppose w = -4*s - 5*f, s + 54 = -2*f + f. Let r = -27 - s. What are the prime factors of r?
2, 13
Suppose 5*m = q + 2 + 11, -3*q = 5*m - 21. Suppose 1 = -h, 0 = q*u - h - 3*h - 1752. What are the prime factors of u?
2, 19, 23
Let q(w) = -w**2 - 32*w - 149. Let g be q(-27). What are the prime factors of (-31)/((g/7)/58)?
29, 31
Suppose 3*d + 5*u - 129 + 892 = 0, 713 = -3*d + 5*u. Let k = 159 + d. Let o = k - -179. What are the prime factors of o?
2, 23
Suppose -5*t + 135 = 5*j, -2*j = -4*t - 0*t - 36. Let b(p) = 29*p - 38. List the prime factors of b(j).
2, 7, 47
Let w = 26841 + 14194. What are the prime factors of w?
5, 29, 283
Suppose y + 4*b - 10 = 0, 3*y - 6*b + 2 = -2*b. Suppose -6*a - 20 + y = 0. What are the prime factors of ((-1)/(-1) - 2)/(a/108)?
2, 3
Let q be -4*(-3)/4 + (-3)/1. Let w be (q + 2)/(34/697). Let a = w + -33. What are the prime factors of a?
2
Let n be 7 - (-1108)/(-4)*-18. What are the prime factors of -2 + n/15 - (-20)/150?
331
Suppose -88875 = -4*a - f, 68160 = 5*a + 5*f - 42915. Suppose 25*k - 4455 = a. List the prime factors of k.
11, 97
Suppose 35031 - 277963 = -7*o + 124512. What are the prime factors of o?
2, 11, 1193
What are the prime factors of 3/((-15 - 3